uppose 0 = 2*f - 4*f + n. Let l = -8 + f. Calculate the remainder when l is divided by 8.
7
Calculate the remainder when (1 + 4)*(-123)/30*-6 is divided by 25.
23
Suppose -5*x + 6*x = 4. Let p = 23 + -8. What is the remainder when p is divided by x?
3
Suppose -26 = 11*x - 12*x. What is the remainder when x is divided by 9?
8
Suppose 13*i - 16*i = -24. Let q be 2*10/(-4) + 2. Let v = 0 - q. Calculate the remainder when i is divided by v.
2
Let f(g) = 19*g + 3. Let p be (-18)/4 - (-3)/(-6). Let h be f(p). Let d = h - -134. What is the remainder when d is divided by 22?
20
Suppose 6*i - 28 - 38 = 0. What is the remainder when i is divided by 7?
4
Let v(y) = y**3 - 8*y**2 - 11*y + 10. Let x be v(9). Let n(t) = t**3 + 7*t**2 - 9*t + 4. What is the remainder when 58 is divided by n(x)?
10
Let x = 38 - 13. What is the remainder when x is divided by 7?
4
Suppose 1 = t, -2*m + 4*m + 4*t = 36. Suppose 4*w + m - 116 = -4*u, -75 = -3*w + 3*u. What is the remainder when w is divided by 14?
11
Suppose 2*p - 60 = -2*x - 3*p, 0 = 2*p - 4. Calculate the remainder when x is divided by 6/(1/(42/18)).
11
Suppose 0 = 2*r - 2*o - 126, -3*o + 106 = r + r. What is the remainder when r is divided by 15?
14
Suppose 4*j + 3*c = 1 + 19, 0 = -5*j - 3*c + 28. Let i(h) = -h + 16. Calculate the remainder when (102/j)/(3/8) is divided by i(4).
10
Suppose 5*y = -u + 190, -72 = -2*y + u - 3. Let r be -1 + -1 + 20/(-2). What is the remainder when y is divided by -15*8/r + 3?
11
Let k(f) = f**3 - 11*f**2 - f + 8. Let z be k(11). Calculate the remainder when (-1 - -2)*-3*-2 is divided by z + (-1)/(-2)*12.
0
Let f be (-1)/(((-9)/87)/3). Suppose 0 = 4*r - 1 + f. What is the remainder when (108/63)/((-1)/r) is divided by 5?
2
Suppose 0 = 5*d + r - 31, -4*d + 7 + 12 = -5*r. What is the remainder when 11 is divided by d?
5
Suppose -2*j + 4*i + 51 = j, i - 23 = -2*j. What is the remainder when j is divided by 6?
1
Let p = 12 + 2. Calculate the remainder when 54 is divided by p.
12
Let t = 77 + -63. Calculate the remainder when 52 is divided by t.
10
Let l(z) = -2*z + 4 - 1 - 1 - 1. Let i = -2 - -6. What is the remainder when l(-3) is divided by i?
3
What is the remainder when (2 + (-45)/(-25))*5 is divided by 2?
1
Suppose 0*n = 5*n + 15. Let y be (-8 - 1)/(n/4). Suppose -18 - y = -5*j. Calculate the remainder when 11 is divided by j.
5
Let z = 6 + -9. Let p(s) = 5*s**2 - 3*s + 2. Let c(g) = g**3 + 6*g**2 - 5*g - 11. Calculate the remainder when p(z) is divided by c(-6).
18
Suppose 9*g - 72 = g. Let h(r) = -r**2 + 8*r - 8. What is the remainder when g is divided by h(6)?
1
Let v be (-52)/(-16) + 3/(-12). Suppose -20 - 4 = -v*p. What is the remainder when p is divided by 3?
2
Let u(r) = 47*r**3 - r + 1. Calculate the remainder when u(1) is divided by 12.
11
Let x(g) = g + 1. Let u be x(3). Suppose 2*p + 0*p = u*w - 18, -3*w + 4*p + 26 = 0. Calculate the remainder when w is divided by 2.
0
Let y(s) = -s**2 + 9*s - 4. Let m be y(8). Let b(j) = -39*j - 3. Let r be b(-2). Suppose -x = m*x - r. Calculate the remainder when 44 is divided by x.
14
Calculate the remainder when 80 is divided by ((-30)/9 - -4)*39 + 2.
24
Suppose 2*v - 2*o = 1 + 7, 2*v - o = 9. Suppose 0 = -3*c - c + 3*d + 127, 2*c - v*d = 67. Suppose -l = -17 + 1. What is the remainder when c is divided by l?
15
Let p(i) = -2*i**3 - 3*i**2 + 4*i. Calculate the remainder when p(-3) is divided by (-4)/30 - (-62)/15.
3
Suppose -604 = -4*c - 3*p - 2*p, -4*c + 612 = 3*p. Suppose -c = -4*i + 44. Calculate the remainder when i is divided by 17.
16
Suppose -5*f - 5*d + 55 = 0, -3*d = -2*f + d + 46. Calculate the remainder when (26/(-3))/((-5)/f) is divided by 1*6/9*21.
12
Let d = 6 + 0. Calculate the remainder when 11 is divided by 18/4*d/9.
2
Let u(w) = 7*w**2 + w + 4. Calculate the remainder when u(3) is divided by 24.
22
What is the remainder when 72 is divided by (-8)/28 + (-354)/(-14)?
22
Let w = 12 - 8. Suppose w*z - 2*z = 10. What is the remainder when z is divided by 2?
1
Let z(t) = -6*t - 11. Let c be ((-9)/18)/(2/40). What is the remainder when z(c) is divided by 13?
10
Let n(c) = c**3 + 13*c**2 - c + 19. Calculate the remainder when n(-13) is divided by 13.
6
What is the remainder when -2 + -1 - 124/(-4) is divided by 6?
4
Let m = -45 + 109. Suppose 3*w + m = 2*j, 96 = 2*j + 5*w - 0*w. What is the remainder when j is divided by 13?
12
Let b(j) = -j**2 - 6*j + 9. Let i be b(-7). Let f(p) = 9*p + 2. Calculate the remainder when f(i) is divided by -2 - (0 + 26/(-2)).
9
Calculate the remainder when 6/4 - 190/(-4) is divided by 17.
15
Suppose 3*b + h - 30 = 0, -27 = 3*b - 6*b - 2*h. Let j = 8 - 8. Suppose j = -2*v + i + 42, -2*v + 3*i + 2 = -48. What is the remainder when v is divided by b?
8
Let a(r) = 7*r**2 + 1. Calculate the remainder when 21 is divided by a(1).
5
Suppose 3*f - 5*x = -2*f + 100, 108 = 5*f - 3*x. Calculate the remainder when f is divided by (9/4)/(9/36).
6
Suppose -2*w + 0*w - 4 = 0. Let q be 668/(-20) - w/5. Let u = -19 - q. What is the remainder when 41 is divided by u?
13
Let x(s) = -s + 12. Let k be x(0). Suppose 2*y = 3*f + 88, y - 4*f = k + 42. Calculate the remainder when y is divided by 10.
8
Suppose -9*p - 55 = -14*p. What is the remainder when 29 is divided by p?
7
What is the remainder when (-1030)/(-25) - 1/5 is divided by 58/4 - (-1)/(-2)?
13
Let r(p) be the second derivative of -2*p**3/3 + 3*p. Calculate the remainder when r(-7) is divided by 10.
8
Suppose 8*b - 53 = 51. Calculate the remainder when 19 is divided by b.
6
Suppose -3*h + 3 + 18 = 0. Calculate the remainder when ((-4)/10 - 3/30)*-26 is divided by h.
6
Suppose f - 5*h - 15 = 0, -2*h - 4 = f - 5. Suppose 0 = 4*j - 2*j - 26. Calculate the remainder when j is divided by f.
3
Let z(u) = u**2 - 13*u + 26. Suppose 0 = -3*j + j + 78. Calculate the remainder when j is divided by z(12).
11
Let q(k) = k - 4. Let w = 4 - 0. Let d = 0 + w. What is the remainder when q(15) is divided by d?
3
Let g = 90 - 57. Calculate the remainder when 162 is divided by g.
30
Let k(s) = -6*s + 3. Suppose -2*g + 4*x - 5*x = -34, -3*x = 4*g - 70. Calculate the remainder when k(-7) is divided by g.
13
Let r(c) = -7*c + 25. Calculate the remainder when 47 is divided by r(3).
3
Suppose 7 + 113 = 10*h. What is the remainder when 30 is divided by h?
6
Let v = -4 + 17. Calculate the remainder when 35 - (-3 + (-4)/(-2)) is divided by v.
10
What is the remainder when 14 is divided by (2 - (-7 - -3))/2?
2
Suppose -o - 17 = k, 3*o - 8*k + 3*k = -43. Let a = o - -26. Let h(b) = b**3 - b**2 - 4*b + 6. Calculate the remainder when h(4) is divided by a.
8
Suppose 0 = d + 3*d - 84. Suppose -c + d = 2*c. Calculate the remainder when c - 0/(-1 + 4) is divided by 4.
3
Let g(l) = -l**3 + 5*l**2 + 8*l - 6. Let d be g(6). Suppose 0 = c - 0*c - d. Suppose -c*a = -2*a - 76. Calculate the remainder when 55 is divided by a.
17
Let r = 6 + -4. Calculate the remainder when (0 + 114)/r + -2 is divided by 19.
17
Suppose 59*x + 480 = 67*x. Calculate the remainder when x is divided by 21.
18
Let y(q) = 3*q + 3. Suppose 0 = -4*c + 2*r + 10, -r = -c - 2*r + 4. Suppose -3*z + 68 = -z. What is the remainder when z is divided by y(c)?
10
Let t = -10 - -20. Suppose 3*z = 5*z - t. Calculate the remainder when 13 is divided by z.
3
Suppose -5*m = -m - 40. Let f(x) be the third derivative of x**5/60 - 11*x**4/24 - 3*x**3/2 + 7*x**2. Calculate the remainder when m is divided by f(12).
1
Suppose 5*f - 31 = 5*v + 54, 4*f - 74 = -2*v. Calculate the remainder when 33 is divided by f.
15
Let f = -65 - -118. Let x be (-64)/(-14) + 6/14. What is the remainder when f is divided by (x/(-10))/((-3)/108)?
17
Suppose -s + 0*s + 2 = 0. What is the remainder when 3*(0/(-2) + 1) is divided by s?
1
Calculate the remainder when 522/(-12)*4/(-3) is divided by 12.
10
Let g(d) = 9*d - 11. What is the remainder when g(5) is divided by 12?
10
Let y(k) = -2*k - 2. Let o be y(2). Let x = o - -11. Suppose 5 = -3*d - x*l, l = -l - 8. Calculate the remainder when 9 is divided by d.
4
Suppose 0 = -2*s - 5*o + 2 + 99, 5*s = 5*o + 305. Suppose 19*j - 21*j = -30. Calculate the remainder when s is divided by j.
13
Suppose -g = 22 - 73. What is the remainder when g is divided by 26?
25
Calculate the remainder when (1 + 1)*(-198)/(-12) 